{"id":21335,"date":"2017-11-29T14:01:54","date_gmt":"2017-11-29T17:01:54","guid":{"rendered":"http:\/\/www.encontramorumbi.com.br\/blog\/?page_id=21335"},"modified":"2025-10-03T16:00:10","modified_gmt":"2025-10-03T19:00:10","slug":"sobre-morumbi","status":"publish","type":"page","link":"https:\/\/www.encontramorumbi.com.br\/sobre\/","title":{"rendered":"Sobre Morumbi"},"content":{"rendered":"<div class=\"668395cb997a874797677d9ee29f7b25\" data-index=\"1\" style=\"float: none; margin:0px;\">\n<!-- Anuncio display - global -->\r\n<ins class=\"adsbygoogle\"\r\n     style=\"display:block\"\r\n     data-ad-client=\"ca-pub-8585364105181520\"\r\n     data-ad-slot=\"8789329856\"\r\n     data-ad-format=\"auto\"\r\n     data-full-width-responsive=\"true\"><\/ins>\r\n<script>\r\n     (adsbygoogle = window.adsbygoogle || []).push({});\r\n<\/script>\n<\/div>\n<h2>Limites &#8211; Bairros Vizinhos &#8211; <a href=\"https:\/\/www.zonaoestesp.com.br\" target=\"_blank\" rel=\"noopener noreferrer\">Zona Oeste<\/a><\/h2>\n<p><a title=\"Parais\u00f3polis\" href=\"https:\/\/www.encontraparaisopolis.com.br\/\" target=\"_blank\" rel=\"noopener noreferrer\">Parais\u00f3polis<\/a>,\u00a0<a title=\"Vila S\u00f4nia\" href=\"https:\/\/www.encontravilasonia.com.br\/\" target=\"_blank\" rel=\"noopener noreferrer\">Vila S\u00f4nia<\/a>,\u00a0<a title=\"Campo Limpo\" href=\"https:\/\/www.encontracampolimpo.com.br\/\" target=\"_blank\" rel=\"noopener noreferrer\">Campo Limpo<\/a>,\u00a0<a title=\"Vila Andrade\" href=\"https:\/\/www.encontrasp.com.br\/vila-andrade\" target=\"_blank\" rel=\"noopener noreferrer\">Vila Andrade<\/a>,\u00a0<a title=\"Itaim Bibi\" href=\"https:\/\/www.encontraitaim.com.br\/\" target=\"_blank\" rel=\"noopener noreferrer\">Itaim Bibi<\/a>,\u00a0<a title=\"Pinheiros\" href=\"https:\/\/www.encontrapinheiros.com.br\/\" target=\"_blank\" rel=\"noopener noreferrer\">Pinheiros<\/a>\u00a0e\u00a0<a title=\"Butant\u00e3\" href=\"https:\/\/www.guiabutanta.com\/\" target=\"_blank\" rel=\"noopener noreferrer\">Butant\u00e3<\/a><\/p>\n<h3>Bairros<\/h3>\n<p>O Distrito do\u00a0<a title=\"Bairro Morumbi\" href=\"https:\/\/www.encontramorumbi.com.br\/\">Morumbi<\/a>\u00a0est\u00e1 situado na Zona Sudoeste e abrange os bairros de:<\/p>\n<p>\u2022 Cidade Jardim<br \/>\n\u2022 Fazenda Morumbi<br \/>\n\u2022 Jardim D&#8217;Oeste<br \/>\n\u2022 Jardim Everest<br \/>\n\u2022 Jardim Guedala<br \/>\n\u2022 Jardim Leonor (Morumbi)<br \/>\n\u2022 Jardim Morumbi<br \/>\n\u2022 Jardim Namba<br \/>\n\u2022 Jardim Panorama<br \/>\n\u2022 Jardim Panorama D&#8217;Oeste<br \/>\n\u2022 Jardim S\u00edlvia<br \/>\n\u2022 Jardim Viana<br \/>\n\u2022 Jardim Vit\u00f3ria R\u00e9gia (Morumbi)<br \/>\n\u2022\u00a0<a title=\"Bairro Morumbi\" href=\"https:\/\/www.encontramorumbi.com.br\/\">Morumbi<\/a><br \/>\n\u2022 Paineiras do Morumbi<br \/>\n\u2022 Real Parque<br \/>\n\u2022 Vila Morumbi<br \/>\n\u2022 Vila Progredior<br \/>\n\u2022 Vila Tramontano<\/p>\n<h2>Pontos Tur\u00edsticos<\/h2>\n<p><img loading=\"lazy\" decoding=\"async\" class=\"alignleft wp-image-21336 size-full\" src=\"https:\/\/www.encontramorumbi.com.br\/sobre\/wp-content\/uploads\/2017\/11\/capela-do-morumbi-miniatura.jpg\" alt=\"\" width=\"79\" height=\"78\" srcset=\"https:\/\/www.encontramorumbi.com.br\/sobre\/wp-content\/uploads\/2017\/11\/capela-do-morumbi-miniatura.jpg 79w, https:\/\/www.encontramorumbi.com.br\/sobre\/wp-content\/uploads\/2017\/11\/capela-do-morumbi-miniatura-150x150.jpg 150w\" sizes=\"auto, (max-width: 79px) 100vw, 79px\" \/> <img loading=\"lazy\" decoding=\"async\" class=\"alignleft wp-image-21337 size-full\" src=\"https:\/\/www.encontramorumbi.com.br\/sobre\/wp-content\/uploads\/2017\/11\/estadio-do-morumbi-miniatura.jpg\" alt=\"\" width=\"79\" height=\"78\" srcset=\"https:\/\/www.encontramorumbi.com.br\/sobre\/wp-content\/uploads\/2017\/11\/estadio-do-morumbi-miniatura.jpg 79w, https:\/\/www.encontramorumbi.com.br\/sobre\/wp-content\/uploads\/2017\/11\/estadio-do-morumbi-miniatura-150x150.jpg 150w\" sizes=\"auto, (max-width: 79px) 100vw, 79px\" \/><img loading=\"lazy\" decoding=\"async\" class=\"alignleft wp-image-21339 size-full\" src=\"https:\/\/www.encontramorumbi.com.br\/sobre\/wp-content\/uploads\/2017\/11\/palacio-dos-bandeirantes-miniatura.jpg\" alt=\"\" width=\"78\" height=\"78\" srcset=\"https:\/\/www.encontramorumbi.com.br\/sobre\/wp-content\/uploads\/2017\/11\/palacio-dos-bandeirantes-miniatura.jpg 78w, https:\/\/www.encontramorumbi.com.br\/sobre\/wp-content\/uploads\/2017\/11\/palacio-dos-bandeirantes-miniatura-150x150.jpg 150w\" sizes=\"auto, (max-width: 78px) 100vw, 78px\" \/><\/p>\n<p>&nbsp;<\/p>\n<p>&nbsp;<\/p>\n<p>&nbsp;<\/p>\n<p><strong>Destaque<\/strong><br \/>\n<a href=\"https:\/\/www.estadiodomorumbi.com.br\/\" target=\"_blank\" rel=\"noopener noreferrer\"><em>Est\u00e1dio do Morumbi<\/em><\/a><br \/>\nO Est\u00e1dio C\u00edcero Pompeu de Toledo, tamb\u00e9m chamado de Est\u00e1dio do Morumbi, \u00e9 um est\u00e1dio preparado para jogos de futebol, sede oficial do time brasileiro de futebol S\u00e3o Paulo Futebol Clube.<\/p>\n<p><a href=\"https:\/\/www.guiabutanta.com\/instituto-butantan\/\" target=\"_blank\" rel=\"noopener noreferrer\"><em>Instituto Butant\u00e3<\/em><\/a><br \/>\nO Instituto Butantan (ou Butant\u00e3) \u00e9 um importante centro de pesquisa biol\u00f3gica. Fica localizado no bairro do Butant\u00e3, S\u00e3o Paulo. O instituto \u00e9 considerado um dos principais centros cient\u00edficos do mundo. Foi fundado em 23 de fevereiro de 1901, sendo respons\u00e1vel por 51% da produ\u00e7\u00e3o de vacinas e 46% de soros para uso profil\u00e1tico e de curativos no Brasil.<\/p>\n<h2>Dados Principais sobre o Morumbi<\/h2>\n<p><strong>Popula\u00e7\u00e3o<\/strong> 32.281 hab. (2010)<br \/>\n<strong>Renda m\u00e9dia<\/strong> R$ 6.498,82<br \/>\n<strong>IDH<\/strong> 0,938 &#8211; muito elevado<br \/>\n<strong>Subprefeitura<\/strong> Butant\u00e3<br \/>\n<strong>Regi\u00e3o Administrativa<\/strong> Oeste<br \/>\n<strong>\u00c1rea Geogr\u00e1fica<\/strong> 8<br \/>\n<a href=\"https:\/\/www.cartoriosdobrasil.org\/cidade\/sao-paulo\"><b>Cart\u00f3rios:<\/b> 125 unidades<\/a><\/p>\n<h2>Hist\u00f3ria do Morumbi<\/h2>\n<p><img loading=\"lazy\" decoding=\"async\" width=\"565\" height=\"198\" class=\"alignnone size-full wp-image-21344\" style=\"width: 100%; height: auto;\" src=\"https:\/\/www.encontramorumbi.com.br\/blog\/wp-content\/uploads\/2017\/11\/bairro-do-morumbi.jpg\" alt=\"\" srcset=\"https:\/\/www.encontramorumbi.com.br\/sobre\/wp-content\/uploads\/2017\/11\/bairro-do-morumbi.jpg 565w, https:\/\/www.encontramorumbi.com.br\/sobre\/wp-content\/uploads\/2017\/11\/bairro-do-morumbi-300x105.jpg 300w\" sizes=\"auto, (max-width: 565px) 100vw, 565px\" \/><br \/>\nO <strong>Morumbi<\/strong> \u00e9 um distrito do munic\u00edpio de S\u00e3o Paulo, pertencente \u00e0s subprefeituras de Butant\u00e3 e Campo Limpo, na regi\u00e3o sudoeste da cidade. Seu nome significa &#8220;colina verde&#8221;, em tupi.<\/p>\n<p>O <a href=\"https:\/\/www.encontramorumbi.com.br\">Morumbi<\/a> fica afastado do centro de S\u00e3o Paulo numa dist\u00e2ncia entre 12 e 15 km. Limita-se com os distritos de Vila S\u00f4nia, Campo Limpo, Vila Andrade, Itaim Bibi, Pinheiros e Butant\u00e3. Abrange os bairros de Vila Progredior, Caxing\u00fci, Jardim Guedala, Cidade Jardim, Real Parque, Vila Morumbi, Paineiras do Morumbi, Jardim Panorama, Jardim S\u00edlvia, Jardim Vit\u00f3ria R\u00e9gia, Vila Tramontano, Super Quadra do Morumbi.<\/p>\n<p>Dentro dos limites do <a href=\"https:\/\/www.encontramorumbi.com.br\">Bairro Morumbi<\/a> encontra-se o Hospital Israelita Albert Einstein, um dos mais importantes hospitais privados do munic\u00edpio, o Pal\u00e1cio dos Bandeirantes, sede do Governo do Estado de S\u00e3o Paulo, a Escola Americana (Escola Graduada) e o <a href=\"https:\/\/www.estadiodomorumbi.com\" target=\"_blank\" rel=\"noopener noreferrer\">Est\u00e1dio C\u00edcero Pompeu de Toledo<\/a>, al\u00e9m da sede social do S\u00e3o Paulo Futebol Clube. O bairro possui um dos metros quadrados mais caros de S\u00e3o Paulo e os im\u00f3veis no Morumbi mant\u00eam uma crescente valoriza\u00e7\u00e3o<\/p>\n<p>Para homenagear a comunidade de moradores deste maravilho bairro, o <a href=\"https:\/\/www.encontrasaopaulo.com.br\" target=\"_blank\" rel=\"noopener noreferrer\">Encontra S\u00e3o Paulo<\/a> criou o <a href=\"https:\/\/www.encontramorumbi.com.br\">Encontra Morumbi<\/a> na cidade de S\u00e3o Paulo.<\/p>\n\n<div style=\"font-size: 0px; height: 0px; line-height: 0px; margin: 0; padding: 0; clear: both;\"><\/div>","protected":false},"excerpt":{"rendered":"<p>Limites &#8211; Bairros Vizinhos &#8211; Zona Oeste Parais\u00f3polis,\u00a0Vila S\u00f4nia,\u00a0Campo Limpo,\u00a0Vila Andrade,\u00a0Itaim Bibi,\u00a0Pinheiros\u00a0e\u00a0Butant\u00e3 Bairros O Distrito do\u00a0Morumbi\u00a0est\u00e1 situado na Zona Sudoeste e abrange os bairros de: \u2022 Cidade Jardim \u2022 Fazenda Morumbi \u2022 Jardim D&#8217;Oeste \u2022 Jardim Everest \u2022 Jardim Guedala \u2022 Jardim Leonor (Morumbi) \u2022 Jardim Morumbi \u2022 Jardim Namba \u2022 Jardim Panorama \u2022 Jardim Panorama D&#8217;Oeste \u2022 Jardim S\u00edlvia \u2022 Jardim Viana \u2022 Jardim Vit\u00f3ria R\u00e9gia (Morumbi) \u2022\u00a0Morumbi \u2022 Paineiras do Morumbi \u2022 Real Parque \u2022 Vila Morumbi \u2022 Vila Progredior \u2022 Vila Tramontano Pontos Tur\u00edsticos &nbsp; &nbsp; &nbsp; Destaque Est\u00e1dio do Morumbi O Est\u00e1dio C\u00edcero Pompeu de Toledo, <\/p>\n","protected":false},"author":1,"featured_media":0,"parent":0,"menu_order":0,"comment_status":"closed","ping_status":"closed","template":"","meta":{"footnotes":""},"class_list":["post-21335","page","type-page","status-publish","hentry"],"aioseo_notices":[],"_links":{"self":[{"href":"https:\/\/www.encontramorumbi.com.br\/sobre\/wp-json\/wp\/v2\/pages\/21335","targetHints":{"allow":["GET"]}}],"collection":[{"href":"https:\/\/www.encontramorumbi.com.br\/sobre\/wp-json\/wp\/v2\/pages"}],"about":[{"href":"https:\/\/www.encontramorumbi.com.br\/sobre\/wp-json\/wp\/v2\/types\/page"}],"author":[{"embeddable":true,"href":"https:\/\/www.encontramorumbi.com.br\/sobre\/wp-json\/wp\/v2\/users\/1"}],"replies":[{"embeddable":true,"href":"https:\/\/www.encontramorumbi.com.br\/sobre\/wp-json\/wp\/v2\/comments?post=21335"}],"version-history":[{"count":0,"href":"https:\/\/www.encontramorumbi.com.br\/sobre\/wp-json\/wp\/v2\/pages\/21335\/revisions"}],"wp:attachment":[{"href":"https:\/\/www.encontramorumbi.com.br\/sobre\/wp-json\/wp\/v2\/media?parent=21335"}],"curies":[{"name":"wp","href":"https:\/\/api.w.org\/{rel}","templated":true}]}}