{"id":21699,"date":"2018-02-23T16:31:11","date_gmt":"2018-02-23T19:31:11","guid":{"rendered":"http:\/\/www.encontramorumbi.com.br\/sobre\/?page_id=21699"},"modified":"2019-05-09T14:07:46","modified_gmt":"2019-05-09T17:07:46","slug":"capela-do-morumbi","status":"publish","type":"page","link":"https:\/\/www.encontramorumbi.com.br\/sobre\/capela-do-morumbi\/","title":{"rendered":"Capela do Morumbi"},"content":{"rendered":"<div class=\"668395cb997a874797677d9ee29f7b25\" data-index=\"1\" style=\"float: none; margin:0px;\">\n<!-- Anuncio display - global -->\r\n<ins class=\"adsbygoogle\"\r\n     style=\"display:block\"\r\n     data-ad-client=\"ca-pub-8585364105181520\"\r\n     data-ad-slot=\"8789329856\"\r\n     data-ad-format=\"auto\"\r\n     data-full-width-responsive=\"true\"><\/ins>\r\n<script>\r\n     (adsbygoogle = window.adsbygoogle || []).push({});\r\n<\/script>\n<\/div>\n<p>A <strong>Capela do Morumbi<\/strong> \u00e9 um bem arquitet\u00f4nico e cultural que pertence \u00e0 Prefeitura do Munic\u00edpio de S\u00e3o Paulo. \u00c9 administrada pelo (DPH) da Secretaria Municipal de Cultura e faz parte do Museu da Cidade de S\u00e3o Paulo, que tem o intuito de preservar a mem\u00f3ria das t\u00e9cnicas construtivas dos s\u00e9culos passados.<\/p>\n<p>O local \u00e9 destinado a exposi\u00e7\u00f5es e instala\u00e7\u00f5es de arte diferentes das convencionais. Uma grande propriedade rural que originou o nome do bairro do Morumbi.<\/p>\n<p><img loading=\"lazy\" decoding=\"async\" class=\"alignnone wp-image-21700 size-full\" title=\"Capela do Morumbi\" src=\"https:\/\/www.encontramorumbi.com.br\/sobre\/wp-content\/uploads\/2018\/02\/capela-do-morumbi.jpg\" alt=\"Capela do Morumbi\" width=\"680\" height=\"189\" srcset=\"https:\/\/www.encontramorumbi.com.br\/sobre\/wp-content\/uploads\/2018\/02\/capela-do-morumbi.jpg 680w, https:\/\/www.encontramorumbi.com.br\/sobre\/wp-content\/uploads\/2018\/02\/capela-do-morumbi-300x83.jpg 300w\" sizes=\"auto, (max-width: 680px) 100vw, 680px\" \/><\/p>\n<h2>Capela do Morumbi Hist\u00f3ria<\/h2>\n<p>A <em>capela foi constru\u00edda em 1950<\/em> sobre ru\u00ednas de taipa de pil\u00e3o, que foram complementadas com alvenaria de tijolos, segundo projeto do arquiteto Gregori Warchavchik. A revitaliza\u00e7\u00e3o da capela foi iniciada em 1979, com o objetivo de transform\u00e1-la em um local est\u00e1vel para a realiza\u00e7\u00e3o de atividades culturais.<\/p>\n<p><em>As paredes do batist\u00e9rio contam com afrescos da pintora L\u00facia Suan\u00ea<\/em>, que representou a cena do batismo de Cristo, e anjos com fisionomias de \u00edndios nas paredes do local. A <em>restaura\u00e7\u00e3o foi inaugurada em 1980<\/em> e, desde ent\u00e3o, a capela \u00e9 aberta ao p\u00fablico. As visitas ao local s\u00e3o acompanhadas por um guia, em grupos de at\u00e9 20 pessoas. As ru\u00ednas da capela s\u00e3o de grande relev\u00e2ncia para a refer\u00eancia hist\u00f3rica de uma pr\u00e1tica religiosa comum na cidade de S\u00e3o Paulo, no tempo em que as propriedades rurais, distantes dos centros urbanos, precisavam suprir as necessidades de cultos e devo\u00e7\u00e3o religiosa de seus moradores.<\/p>\n<p><span style=\"text-decoration: underline;\">At\u00e9 hoje n\u00e3o se sabe ao certo a verdadeira origem do local onde a Capela do Morumbi<\/span> se encontra, mas existem tr\u00eas <em>hip\u00f3teses hist\u00f3ricas atribu\u00eddas \u00e0 exist\u00eancia da Capela do Morumbi<\/em>.Isso ocorre pela <em>falta de documentos que comprovem a hist\u00f3ria verdadeira.<\/em><\/p>\n<h3>Capela do Morumbi Arquitetura<\/h3>\n<p>A Capela do Morumbi foi constru\u00edda a partir do <span style=\"text-decoration: underline;\">estilo arquitet\u00f4nico<\/span> de taipa de pil\u00e3o. Essa t\u00e9cnica, que tamb\u00e9m pode ser chamada de <span style=\"text-decoration: underline;\">taipa-desopapo, taipa-de-sebe ou barro armado,<\/span> era bastante usada para a constru\u00e7\u00e3o de parede estrutural em estruturas independentes. As paredes externas da capela foram constru\u00eddas com <span style=\"text-decoration: underline;\">adobe ou aipade-pil\u00e3o<\/span> e as divis\u00f5es internas com taipa-de-m\u00e3o, por apresentarem mais leveza ao ambiente. As paredes da capela t\u00eam cerca de 40 cm de espessura, tornando-se bastante resistentes ao tempo.<\/p>\n<p>Na <em>reconstru\u00e7\u00e3o<\/em> da Capela do Morumbi, o <em>arquiteto Gregori Warchavchik<\/em> baseou todo o seu trabalho na tradi\u00e7\u00e3o da taipa daquela \u00e9poca, principalmente, por deix\u00e1-la como sustenta\u00e7\u00e3o das obras da capela. Parte das paredes e o telhado foram feitos \u00e0 base de alvenaria e tijolo, em uma tentativa de manter a constru\u00e7\u00e3o t\u00edpica e com a identidade do Brasil naquele per\u00edodo. Warchavchik desenvolveu um projeto tamb\u00e9m com fei\u00e7\u00e3o religiosa: do lado externo, ele projetou uma torre lateral com lugar para sino e telhado de duas \u00e1guas com um pequeno beiral. Para criar a nova fachada, o arquiteto adotou elementos de <em>composi\u00e7\u00e3o arquitet\u00f4nica<\/em> para remeter \u00e0 linguagem estil\u00edstica da \u00e9poca colonial paulista e do neocolonial hispano-americano. Al\u00e9m disso, <em>o arquiteto<\/em> visou criar uma <span style=\"text-decoration: underline;\">arquitetura ilus\u00f3ria<\/span> com refer\u00eancias coloniais nost\u00e1lgicas no local.<\/p>\n<h3>Museu Capela do Morumbi<\/h3>\n<p>O <em>Museu<\/em> da Cidade de S\u00e3o Paulo est\u00e1 localizado em im\u00f3veis de interesse <span style=\"text-decoration: underline;\">hist\u00f3rico e arquitet\u00f4nico<\/span>, distribu\u00eddos pela malha urbana do munic\u00edpio. Atualmente, seu <em>acervo arquitet\u00f4nico<\/em> \u00e9 composto pelo Solar da Marquesa da Santos, Beco do Pinto, Casa N\u00ba 1\/Casa da Imagem, Casa do Bandeirante, Casa do Sertanista, Capela do Morumbi, Casa do Tatuap\u00e9, S\u00edtio da Ressaca, S\u00edtio Morrinhos, Casa do Grito, Monumento \u00e0 Independ\u00eancia, Casa Modernista e Ch\u00e1cara Lane. Tamb\u00e9m \u00e9 respons\u00e1vel por um important\u00edssimo acervo fotogr\u00e1fico sobre a Cidade (cole\u00e7\u00f5es como Departamento de Cultura, Milit\u00e3o, Becherini, Gaensly, Expedi\u00e7\u00e3o S\u00e3o Paulo 450 anos, entre outras), <em>um acervo de bens m\u00f3veis<\/em> (constitu\u00eddo por pe\u00e7as s\u00e9cs. XVII, XVIII, XIX, adquiridas a partir das atividades de comemora\u00e7\u00e3o do IV Centen\u00e1rio) e um <em>acervo de hist\u00f3ria oral<\/em> (alguns temas: Mem\u00f3ria dos Movimentos Sociais; Mem\u00f3ria Fabril; Hist\u00f3ria das Elei\u00e7\u00f5es; Ocupa\u00e7\u00e3o Ind\u00edgena na cidade de S\u00e3o Paulo).<\/p>\n<p>Ao longo de sua trajet\u00f3ria, muitos foram os formatos e modelos experimentados pelas sucessivas gest\u00f5es. O <em>museu hist\u00f3rico<\/em> &#8211; que apresentava cen\u00e1rios que contribu\u00edram para construir o imagin\u00e1rio bandeirista &#8211; passou por diversos questionamentos e transforma\u00e7\u00f5es e tornou-se um museu de cidade (tipologia) que atua em rede, dedicado a promover a reflex\u00e3o e a conscientiza\u00e7\u00e3o sobre o munic\u00edpio de S\u00e3o Paulo por meio da salvaguarda, pesquisa e comunica\u00e7\u00e3o de <em>seus acervos hist\u00f3ricos e arquitet\u00f4nicos<\/em> e das mais diversas refer\u00eancias patrimoniais paulistanas.<\/p>\n<h3>Hor\u00e1rio de Funcionamento Capela do Morumbi<\/h3>\n<ul>\n<li>Ter\u00e7a a domingo das 9h \u00e0s 17h<\/li>\n<\/ul>\n<h3>Endere\u00e7o e Telefone Capela do Morumbi<\/h3>\n<ul>\n<li>Av. Morumbi, 5387 &#8211; Morumbi &#8211; S\u00e3o Paulo &#8211; SP<\/li>\n<li>Telefone: (11) 3772-4301<\/li>\n<\/ul>\n<h4>Outras informa\u00e7\u00f5es e site<\/h4>\n<ul>\n<li>Mais informa\u00e7\u00f5es: <a href=\"http:\/\/www.museudacidade.prefeitura.sp.gov.br\/quem-somos\/capela-do-morumbi\/\">www.museudacidade.prefeitura.sp.gov.br\/quem-somos\/capela-do-morumbi\/<\/a><\/li>\n<\/ul>\n<h4>Mapa de localiza\u00e7\u00e3o<\/h4>\n<a class=\"wp-colorbox-iframe\" href=\"https:\/\/www.google.com\/maps\/embed?pb=!1m14!1m8!1m3!1d14623.189029528785!2d-46.7125998!3d-23.611603!3m2!1i1024!2i768!4f13.1!3m3!1m2!1s0x00xedd28dc33c4996a!2sCapela+do+Morumbi!5e0!3m2!1spt-BR!2sbr!4v1519412576620\"><img decoding=\"async\" src=\"http:\/\/www.encontrabelohorizonte.com.br\/imgs\/maps-post.png\"><\/a>\n\n<div style=\"font-size: 0px; height: 0px; line-height: 0px; margin: 0; padding: 0; clear: both;\"><\/div>","protected":false},"excerpt":{"rendered":"<p>A Capela do Morumbi \u00e9 um bem arquitet\u00f4nico e cultural que pertence \u00e0 Prefeitura do Munic\u00edpio de S\u00e3o Paulo. \u00c9 administrada pelo (DPH) da Secretaria Municipal de Cultura e faz parte do Museu da Cidade de S\u00e3o Paulo, que tem o intuito de preservar a mem\u00f3ria das t\u00e9cnicas construtivas dos s\u00e9culos passados. O local \u00e9 destinado a exposi\u00e7\u00f5es e instala\u00e7\u00f5es de arte diferentes das convencionais. Uma grande propriedade rural que originou o nome do bairro do Morumbi. Capela do Morumbi Hist\u00f3ria A capela foi constru\u00edda em 1950 sobre ru\u00ednas de taipa de pil\u00e3o, que foram complementadas com alvenaria de tijolos, <\/p>\n","protected":false},"author":1,"featured_media":0,"parent":0,"menu_order":0,"comment_status":"closed","ping_status":"closed","template":"","meta":{"footnotes":""},"class_list":["post-21699","page","type-page","status-publish","hentry"],"aioseo_notices":[],"_links":{"self":[{"href":"https:\/\/www.encontramorumbi.com.br\/sobre\/wp-json\/wp\/v2\/pages\/21699","targetHints":{"allow":["GET"]}}],"collection":[{"href":"https:\/\/www.encontramorumbi.com.br\/sobre\/wp-json\/wp\/v2\/pages"}],"about":[{"href":"https:\/\/www.encontramorumbi.com.br\/sobre\/wp-json\/wp\/v2\/types\/page"}],"author":[{"embeddable":true,"href":"https:\/\/www.encontramorumbi.com.br\/sobre\/wp-json\/wp\/v2\/users\/1"}],"replies":[{"embeddable":true,"href":"https:\/\/www.encontramorumbi.com.br\/sobre\/wp-json\/wp\/v2\/comments?post=21699"}],"version-history":[{"count":0,"href":"https:\/\/www.encontramorumbi.com.br\/sobre\/wp-json\/wp\/v2\/pages\/21699\/revisions"}],"wp:attachment":[{"href":"https:\/\/www.encontramorumbi.com.br\/sobre\/wp-json\/wp\/v2\/media?parent=21699"}],"curies":[{"name":"wp","href":"https:\/\/api.w.org\/{rel}","templated":true}]}}

<div class="668395cb997a874797677d9ee29f7b25" data-index="1" style="float: none; margin:0px;">
<!-- Anuncio display - global -->
<ins class="adsbygoogle"
     style="display:block"
     data-ad-client="ca-pub-8585364105181520"
     data-ad-slot="8789329856"
     data-ad-format="auto"
     data-full-width-responsive="true"></ins>
<script>
     (adsbygoogle = window.adsbygoogle || []).push({});
</script>
</div>
<p>A <strong>Capela do Morumbi</strong> é um bem arquitetônico e cultural que pertence à Prefeitura do Município de São Paulo. É administrada pelo (DPH) da Secretaria Municipal de Cultura e faz parte do Museu da Cidade de São Paulo, que tem o intuito de preservar a memória das técnicas construtivas dos séculos passados.</p>
<p>O local é destinado a exposições e instalações de arte diferentes das convencionais. Uma grande propriedade rural que originou o nome do bairro do Morumbi.</p>
<p><img loading="lazy" decoding="async" class="alignnone wp-image-21700 size-full" title="Capela do Morumbi" src="https://www.encontramorumbi.com.br/sobre/wp-content/uploads/2018/02/capela-do-morumbi.jpg" alt="Capela do Morumbi" width="680" height="189" srcset="https://www.encontramorumbi.com.br/sobre/wp-content/uploads/2018/02/capela-do-morumbi.jpg 680w, https://www.encontramorumbi.com.br/sobre/wp-content/uploads/2018/02/capela-do-morumbi-300x83.jpg 300w" sizes="auto, (max-width: 680px) 100vw, 680px" /></p>
<h2>Capela do Morumbi História</h2>
<p>A <em>capela foi construída em 1950</em> sobre ruínas de taipa de pilão, que foram complementadas com alvenaria de tijolos, segundo projeto do arquiteto Gregori Warchavchik. A revitalização da capela foi iniciada em 1979, com o objetivo de transformá-la em um local estável para a realização de atividades culturais.</p>
<p><em>As paredes do batistério contam com afrescos da pintora Lúcia Suanê</em>, que representou a cena do batismo de Cristo, e anjos com fisionomias de índios nas paredes do local. A <em>restauração foi inaugurada em 1980</em> e, desde então, a capela é aberta ao público. As visitas ao local são acompanhadas por um guia, em grupos de até 20 pessoas. As ruínas da capela são de grande relevância para a referência histórica de uma prática religiosa comum na cidade de São Paulo, no tempo em que as propriedades rurais, distantes dos centros urbanos, precisavam suprir as necessidades de cultos e devoção religiosa de seus moradores.</p>
<p><span style="text-decoration: underline;">Até hoje não se sabe ao certo a verdadeira origem do local onde a Capela do Morumbi</span> se encontra, mas existem três <em>hipóteses históricas atribuídas à existência da Capela do Morumbi</em>.Isso ocorre pela <em>falta de documentos que comprovem a história verdadeira.</em></p>
<h3>Capela do Morumbi Arquitetura</h3>
<p>A Capela do Morumbi foi construída a partir do <span style="text-decoration: underline;">estilo arquitetônico</span> de taipa de pilão. Essa técnica, que também pode ser chamada de <span style="text-decoration: underline;">taipa-desopapo, taipa-de-sebe ou barro armado,</span> era bastante usada para a construção de parede estrutural em estruturas independentes. As paredes externas da capela foram construídas com <span style="text-decoration: underline;">adobe ou aipade-pilão</span> e as divisões internas com taipa-de-mão, por apresentarem mais leveza ao ambiente. As paredes da capela têm cerca de 40 cm de espessura, tornando-se bastante resistentes ao tempo.</p>
<p>Na <em>reconstrução</em> da Capela do Morumbi, o <em>arquiteto Gregori Warchavchik</em> baseou todo o seu trabalho na tradição da taipa daquela época, principalmente, por deixá-la como sustentação das obras da capela. Parte das paredes e o telhado foram feitos à base de alvenaria e tijolo, em uma tentativa de manter a construção típica e com a identidade do Brasil naquele período. Warchavchik desenvolveu um projeto também com feição religiosa: do lado externo, ele projetou uma torre lateral com lugar para sino e telhado de duas águas com um pequeno beiral. Para criar a nova fachada, o arquiteto adotou elementos de <em>composição arquitetônica</em> para remeter à linguagem estilística da época colonial paulista e do neocolonial hispano-americano. Além disso, <em>o arquiteto</em> visou criar uma <span style="text-decoration: underline;">arquitetura ilusória</span> com referências coloniais nostálgicas no local.</p>
<h3>Museu Capela do Morumbi</h3>
<p>O <em>Museu</em> da Cidade de São Paulo está localizado em imóveis de interesse <span style="text-decoration: underline;">histórico e arquitetônico</span>, distribuídos pela malha urbana do município. Atualmente, seu <em>acervo arquitetônico</em> é composto pelo Solar da Marquesa da Santos, Beco do Pinto, Casa Nº 1/Casa da Imagem, Casa do Bandeirante, Casa do Sertanista, Capela do Morumbi, Casa do Tatuapé, Sítio da Ressaca, Sítio Morrinhos, Casa do Grito, Monumento à Independência, Casa Modernista e Chácara Lane. Também é responsável por um importantíssimo acervo fotográfico sobre a Cidade (coleções como Departamento de Cultura, Militão, Becherini, Gaensly, Expedição São Paulo 450 anos, entre outras), <em>um acervo de bens móveis</em> (constituído por peças sécs. XVII, XVIII, XIX, adquiridas a partir das atividades de comemoração do IV Centenário) e um <em>acervo de história oral</em> (alguns temas: Memória dos Movimentos Sociais; Memória Fabril; História das Eleições; Ocupação Indígena na cidade de São Paulo).</p>
<p>Ao longo de sua trajetória, muitos foram os formatos e modelos experimentados pelas sucessivas gestões. O <em>museu histórico</em> &#8211; que apresentava cenários que contribuíram para construir o imaginário bandeirista &#8211; passou por diversos questionamentos e transformações e tornou-se um museu de cidade (tipologia) que atua em rede, dedicado a promover a reflexão e a conscientização sobre o município de São Paulo por meio da salvaguarda, pesquisa e comunicação de <em>seus acervos históricos e arquitetônicos</em> e das mais diversas referências patrimoniais paulistanas.</p>
<h3>Horário de Funcionamento Capela do Morumbi</h3>
<ul>
<li>Terça a domingo das 9h às 17h</li>
</ul>
<h3>Endereço e Telefone Capela do Morumbi</h3>
<ul>
<li>Av. Morumbi, 5387 &#8211; Morumbi &#8211; São Paulo &#8211; SP</li>
<li>Telefone: (11) 3772-4301</li>
</ul>
<h4>Outras informações e site</h4>
<ul>
<li>Mais informações: <a href="http://www.museudacidade.prefeitura.sp.gov.br/quem-somos/capela-do-morumbi/">www.museudacidade.prefeitura.sp.gov.br/quem-somos/capela-do-morumbi/</a></li>
</ul>
<h4>Mapa de localização</h4>
<a class="wp-colorbox-iframe" href="https://www.google.com/maps/embed?pb=!1m14!1m8!1m3!1d14623.189029528785!2d-46.7125998!3d-23.611603!3m2!1i1024!2i768!4f13.1!3m3!1m2!1s0x00xedd28dc33c4996a!2sCapela+do+Morumbi!5e0!3m2!1spt-BR!2sbr!4v1519412576620"><img decoding="async" src="http://www.encontrabelohorizonte.com.br/imgs/maps-post.png"></a>

<div style="font-size: 0px; height: 0px; line-height: 0px; margin: 0; padding: 0; clear: both;"></div>

<p>A Capela do Morumbi é um bem arquitetônico e cultural que pertence à Prefeitura do Município de São Paulo. É administrada pelo (DPH) da Secretaria Municipal de Cultura e faz parte do Museu da Cidade de São Paulo, que tem o intuito de preservar a memória das técnicas construtivas dos séculos passados. O local é destinado a exposições e instalações de arte diferentes das convencionais. Uma grande propriedade rural que originou o nome do bairro do Morumbi. Capela do Morumbi História A capela foi construída em 1950 sobre ruínas de taipa de pilão, que foram complementadas com alvenaria de tijolos, </p>
